
Let q = 15 + -18. Let p(l) = -2*l + 5. Let m be p(q). Let d(j) = 2*j**2 - 12*j - 25. What is the units digit of d(m)?
5
Let x = 26471 - 9228. What is the ten thousands digit of x?
1
Let b(v) be the first derivative of 8*v**3/3 + 39*v**2/2 - 22*v - 223. What is the tens digit of b(-14)?
0
Suppose -3*u = -4*s + 33934, 5*s + 93*u = 97*u + 42416. What is the units digit of s?
8
Let j = 34 + -28. Suppose 2*h - j*h - 4*p = -12, -h - 17 = -3*p. What is the units digit of (51 - h/1) + -4?
9
Let i = 640 + -568. Suppose -2*g + 790 = -i. What is the units digit of g?
1
Suppose 4*n = 1809 + 4103. Suppose -4*h - 2*m + n = 0, 8*h - 6*h - 733 = m. What is the hundreds digit of h?
3
Let s = 113 + -78. Let d = -31 + s. What is the tens digit of (-206)/(-3) - d/24*-2?
6
What is the units digit of -1060*(2/(-9) - (-8 + 1309/63))?
0
Let r(t) = 11*t**3 - 2*t**2 + t + 2. Let l = 7 - 8. Let o be r(l). What is the tens digit of ((-8)/o)/(2/129)?
4
Let p = 33024 - 20256. What is the hundreds digit of p?
7
Let h(z) = 7*z**3 + 7*z**2 - 2*z - 36. Let f(t) = -5*t**3 - 7*t**2 + 3*t + 35. Let p(y) = -3*f(y) - 2*h(y). What is the units digit of p(-7)?
2
Suppose 2*f - 26355 = -2*f + u, -u = 3. What is the units digit of f?
8
Let d(u) = u**2 + 14*u + 18. Let i be d(-13). Suppose 77*p + 2*w + 3146 = 79*p, -1555 = -p - i*w. What is the hundreds digit of p?
5
Suppose 28*q - 125185 = 303411. What is the hundreds digit of q?
3
Let i(o) = -23 + 5*o - o**3 + 28 + 28 + 16 + 15*o**2. What is the tens digit of i(14)?
1
Let j be (15/9)/(6/30348). Suppose 2*b - 12*b = -j. What is the tens digit of b?
4
Let f = 6 + -3. Suppose 0 = -5*x, f*k - 2*x = 8*k - 15. Suppose k*b = 149 + 109. What is the tens digit of b?
8
What is the tens digit of -10*1*(-3990)/300?
3
What is the hundreds digit of ((-169)/13)/((-2)/(-2630))*(-6)/10?
2
Suppose 8*i - 3*i + 16 = -2*q, -5*i - 24 = -2*q. Let s be (i/((-6)/3))/(1/(-101)). What is the tens digit of ((-5)/(-10))/((-1)/s) - -2?
0
Let f be 144*(3 - (-20)/(-16)). Let v = f - 190. What is the units digit of v?
2
Suppose 7*w = 131 - 12. Let a(m) = -2*m - 30. Let i be a(w). What is the tens digit of (-96)/i*16*(-1 - -4)?
7
Let w(i) = 306*i**2 - 65*i - 219. What is the hundreds digit of w(-3)?
7
Let f(d) = -5*d**2 - 2*d + 1. Let h be f(-4). Let n = -77 - h. What is the tens digit of ((-198)/(-24))/(n/(-40))?
5
Let k be 4/(-6) - (-103)/(-3). Let m = 10838 - 10770. Let l = m - k. What is the units digit of l?
3
Let n(d) = -16*d**2 - 2*d. Let g be n(3). Let r = 529 + g. What is the units digit of r?
9
Let q = 18401 - 3462. What is the tens digit of q?
3
Suppose 0 = -5*v - 3*s + 14, -4*v - 5*s = -2*v + 2. Suppose v*x - 264 = -2*x. Let f = x - 15. What is the units digit of f?
9
Let g(f) = 5*f**2 + 168*f + 1374. What is the tens digit of g(-8)?
5
Let t be (-20*11/(-132))/(1/3). Suppose -4*d = t*f - 671, -d + 3*d = -2*f + 336. What is the units digit of d?
9
Suppose -5*p + 4940 = -b, -2*p + 1993 = 9*b - 6*b. Let o = -562 + p. What is the tens digit of o?
2
Let n be 10/4*8184/165. Suppose -n - 606 = -2*i. What is the hundreds digit of i?
3
Suppose 3 = -5*w + 14*x - 16*x, -x - 3 = 4*w. What is the tens digit of (-59)/w*(10 + -8)?
1
Suppose 17*g + 23047 = 37301 + 163260. What is the tens digit of g?
4
Suppose 3*c + 12 = -0, -2*l + 14 = -2*c. Suppose 16*k = l*k + 1833. What is the tens digit of k?
4
Suppose -88*z = -90*z - 360. Let m be 0 + (z/(-4) - -3). What is the tens digit of (m/9 - 5)*438?
4
Let w(d) = 2*d - 30. Let g be w(12). Let f(n) = 43*n**2 + 53*n - 17. What is the thousands digit of f(g)?
1
Let h(o) = o**3 + o - 10. Let c = 1 + 3. Let y be h(c). Suppose m - 3*p = 63, -y + 20 = -m - 2*p. What is the units digit of m?
8
Let u(z) = 8*z**2 - 48*z - 105. What is the thousands digit of u(-10)?
1
Let t be 13*(-4 - -6)*(-2)/(-4). Let q(n) = -55*n**2 + 30*n**2 - 4*n - t + 26*n**2. What is the tens digit of q(-4)?
1
Let a(d) = -33*d**3 - 15*d**2 - 49*d + 249. What is the thousands digit of a(-11)?
2
Let b = -1106 + 1120. Suppose 0*p = -5*p + 4*l + 13910, -4*p - 3*l + 11159 = 0. Suppose -b*c + p = -182. What is the tens digit of c?
1
Let r = 48 - -3. Let p = 374 - r. What is the tens digit of p?
2
Let q(u) = 5*u**2 + 36*u + 21. Let o be 0 - (4 + -5 + 5 - -6). What is the hundreds digit of q(o)?
1
Let s(l) = 125*l**2 + l - 1. Let z be s(2). Suppose 3*t = 4*c - 7*c + z, -2*t - 152 = -c. What is the hundreds digit of c?
1
Suppose 26*j - 2946 = 20*j. Let f = -285 + j. What is the units digit of f?
6
Let s = -2499 - -16774. What is the hundreds digit of s?
2
Suppose 3731 = -23*w + 14265. Let g = w - 170. What is the units digit of g?
8
Let o(s) be the first derivative of s**4/4 - 6*s**3 + 5*s**2/2 - 5. Let q be o(18). Suppose -88 = -2*h + q. What is the tens digit of h?
8
Let n = 237 - 160. Let c = -13 + n. Suppose c = l - 0*l. What is the units digit of l?
4
Suppose -3*q = -1994 + 38099. What is the units digit of q/(-20) + (-1)/(-4)?
2
Suppose k - 28*l + 27*l = 11132, 5*k - 55642 = -4*l. What is the thousands digit of k?
1
Let d be 40/25*(30/4)/3. Suppose -d*v + 2 = 6. What is the units digit of (-8)/(-12)*v - 5/(-3)?
1
Let u be (2 - 318/(-4))/(3/42). Let m = 2044 - u. What is the tens digit of m?
0
Suppose 3*o + 3*l - 48090 = 0, -18*l = -4*o - 17*l + 64150. What is the tens digit of o?
3
Suppose -30*h + 39*h - 3312 = 0. Suppose -6*y + 370 = -h. What is the hundreds digit of y?
1
Let i be ((-18)/(-15))/(52/99970). Suppose -3*u + i = 3*n, 3*u + n - 1537 = u. What is the units digit of u?
8
Let c = -86 - -115. Suppose 4*j - c = 3. Suppose -2*v = 2*v + j, w - 10 = -5*v. What is the tens digit of w?
2
Let j(o) = -56*o**3 - o**2 + 7*o + 53. Let a(v) = 37*v**3 + v**2 - 5*v - 35. Let m(n) = -8*a(n) - 5*j(n). What is the tens digit of m(-4)?
7
Let l be (-1)/((9/(-30))/(30/20)). Suppose l*b = -f + 5575, 7*b + 2*f - 2238 = 5*b. What is the tens digit of b?
1
Suppose 0 = 3*f - 0*f - 822. Let r be f - -1 - (-4)/(-2). Suppose 828 - r = 5*m. What is the tens digit of m?
1
Let q = -3080 - -6225. Let r be (q + 2)*22/(-33). What is the hundreds digit of r/(-8) + (-7 - 31/(-4))?
2
Suppose 19 = 48*l - 67*l. Suppose -5*x = 3*z - z - 21, -5*x = -z - 12. What is the hundreds digit of 396/x + (1 - l)?
1
Suppose -5*l - 7 = 4*a, l = -a + 2*l + 5. Let x(i) = -a*i + 32 + 6*i - 30. What is the tens digit of x(10)?
4
What is the units digit of (951/(-9))/(4*(-5)/1020)?
9
Let w(n) = n**3 + 14*n**2 + 2*n + 35. Let j(g) = 3*g - 48. Let c be j(12). What is the units digit of w(c)?
9
Let v(g) = 5*g - 7. Let r be v(3). Let z be (-10)/(r/(-252)*-3). What is the hundreds digit of 42/z + 942/5?
1
Let s(i) = 18*i + 168. Let b be s(-14). What is the tens digit of (38/10 - b/(-105)) + 593?
9
What is the units digit of 17761/14*-1*-2 - 214/749?
7
Let r(x) = -7*x**2 - 515*x + 122. What is the tens digit of r(-59)?
4
Let h = 9638 - 9888. Suppose 4*y = -5*z + y + 2240, 4*z - 2*y = 1770. Let c = z + h. What is the units digit of c?
5
Let q(o) = 3 + 10 - o - 16. Let f be q(-3). Suppose -9*i + 2*b = -12*i + 235, f = i + b - 78. What is the units digit of i?
9
Suppose 4270 = 3*b - 8891. What is the tens digit of b?
8
Let u(p) = 804*p**2 + 70*p - 312. What is the units digit of u(4)?
2
Let s = -194 + 81. Let u = -27 + s. Let a = -49 - u. What is the units digit of a?
1
What is the units digit of 5 + ((-68)/119 + (-3)/7 - -9654)?
8
Let v = -610 - -1400. Let u = -386 + v. What is the units digit of u?
4
Let z(o) = 16*o - 267. Let b be z(17). What is the units digit of (2 - 1)*b/(10/1282)?
1
Let t be (18/3)/18*3 + -5. What is the tens digit of 6714/10 - t/((-40)/(-6))?
7
Suppose -7*v + 0*v - 56 = 0. Let z = v + 10. What is the tens digit of ((-760)/16)/((-1)/z)?
9
Suppose 2*q - 27975 = -41*l + 42*l, -27950 = -2*q - 4*l. What is the hundreds digit of q?
9
Let o(f) = 19*f - 20. Suppose 13*d - 6*d = -147. Let l = -15 - d. What is the units digit of o(l)?
4
Suppose 48*b - 49*b + 2579 = 4*h, 5*h - 10404 = -4*b. What is the hundreds digit of b?
6
What is the tens digit of (-53566)/((16 - 20) + 2)?
8
Suppose -5*a = -x + 4, -a + 4*x - 3*x = 4. Suppose -209 - 1016 = -25*w. Suppose 2*p + w = 3*q, -4*q + 5*p + a*p = -77. What is the tens digit of q?
1
Suppose 0 = 4*q + 12, -454*q + 14669 = 4*g - 449*q. What is the thousands digit 